
3, 142174007
What are the prime factors of 125886773?
125886773
What are the prime factors of 807891059?
11471, 70429
List the prime factors of 1410956022.
2, 3, 7, 23, 1460617
List the prime factors of 477400222.
2, 13, 17, 1080091
What are the prime factors of 3158300406?
2, 3, 97, 5426633
List the prime factors of 1074988565.
5, 7, 37, 479, 1733
List the prime factors of 1122793187.
59, 2897, 6569
List the prime factors of 1002359365.
5, 7, 47, 609337
List the prime factors of 1323653400.
2, 3, 5, 81707
What are the prime factors of 84293121?
3, 11, 2554337
List the prime factors of 1162288822.
2, 2003, 290137
What are the prime factors of 96946085?
5, 127, 152671
What are the prime factors of 588030110?
2, 5, 6247, 9413
What are the prime factors of 1076034188?
2, 269008547
What are the prime factors of 47692226?
2, 23846113
List the prime factors of 203193974.
2, 101596987
List the prime factors of 1015253175.
3, 5, 17, 37, 21521
What are the prime factors of 46352684?
2, 7, 311, 5323
List the prime factors of 142466231.
193, 373, 1979
List the prime factors of 400247357.
23, 29, 600071
List the prime factors of 57190170.
2, 3, 5, 521, 3659
What are the prime factors of 55134513?
3, 7, 32413
List the prime factors of 1387680649.
43, 59, 546977
List the prime factors of 438557752.
2, 47, 857, 1361
What are the prime factors of 460627693?
23, 20027291
List the prime factors of 48232031.
41, 1176391
What are the prime factors of 958037008?
2, 3079, 19447
What are the prime factors of 143255082?
2, 3, 23875847
List the prime factors of 67802318.
2, 211, 160669
What are the prime factors of 3894390?
2, 3, 5, 43271
List the prime factors of 186298589.
37, 911, 5527
What are the prime factors of 906091189?
193, 4694773
What are the prime factors of 2373370109?
11, 19614629
List the prime factors of 57329983.
37, 1549459
What are the prime factors of 428481915?
3, 5, 3779, 7559
List the prime factors of 2112540.
2, 3, 5, 137, 257
List the prime factors of 95218870.
2, 5, 17, 311, 1801
List the prime factors of 62142165.
3, 5, 67, 20611
What are the prime factors of 721787985?
3, 5, 41, 67, 5839
What are the prime factors of 761611237?
17, 83, 31751
List the prime factors of 4250600751.
3, 19, 89, 837887
List the prime factors of 2001185722.
2, 30223, 33107
List the prime factors of 34490216.
2, 37, 109, 1069
What are the prime factors of 1018963921?
1018963921
List the prime factors of 3529896016.
2, 4211, 52391
What are the prime factors of 37766093?
2543, 14851
List the prime factors of 943055278.
2, 11, 31, 1382779
List the prime factors of 127172022.
2, 3, 59, 359243
List the prime factors of 1294109260.
2, 5, 23, 31, 151, 601
What are the prime factors of 451710828?
2, 3, 12547523
List the prime factors of 1700646573.
3, 337, 1682143
List the prime factors of 1324259482.
2, 7, 13, 71, 102481
List the prime factors of 81147094.
2, 7, 571, 10151
What are the prime factors of 14491050?
2, 3, 5, 7, 37, 373
What are the prime factors of 29017099?
23, 257, 4909
What are the prime factors of 720703753?
7, 11, 9359789
What are the prime factors of 283018187?
283018187
What are the prime factors of 72404496?
2, 3, 17, 9859
List the prime factors of 6319298.
2, 3159649
What are the prime factors of 100828227?
3, 59, 331, 1721
List the prime factors of 1305387201.
3, 1913, 227459
What are the prime factors of 1362557731?
541, 2518591
List the prime factors of 62156425.
5, 29, 85733
List the prime factors of 22141175.
5, 7, 19, 6659
What are the prime factors of 421187564?
2, 7, 1213, 12401
List the prime factors of 1584774391.
17, 2927, 31849
What are the prime factors of 53042893?
71, 83, 9001
What are the prime factors of 35201467?
7, 37, 135913
What are the prime factors of 38448453?
3, 1301, 9851
List the prime factors of 248448024.
2, 3, 11, 23, 593
List the prime factors of 185146861.
53, 3493337
List the prime factors of 79355401.
79355401
What are the prime factors of 29043966?
2, 3, 7, 223, 443
What are the prime factors of 151136059?
23, 6571133
What are the prime factors of 39912121?
39912121
What are the prime factors of 11670341?
71, 164371
List the prime factors of 1947494062.
2, 109, 509, 17551
What are the prime factors of 99444057?
3, 47, 705277
List the prime factors of 2265378976.
2, 7, 43, 33599
What are the prime factors of 49261386?
2, 3, 1663, 4937
List the prime factors of 12797687.
7, 83, 22027
List the prime factors of 124097270.
2, 5, 11, 223, 5059
What are the prime factors of 1827374174?
2, 31, 53, 17939
List the prime factors of 854747655.
3, 5, 31, 1838167
List the prime factors of 638308950.
2, 3, 5, 2039, 2087
What are the prime factors of 145780835?
5, 3191, 9137
List the prime factors of 267785046.
2, 3, 709, 20983
List the prime factors of 19375.
5, 31
What are the prime factors of 23990280?
2, 3, 5, 31, 6449
List the prime factors of 26140671.
3, 968173
What are the prime factors of 98149312?
2, 1533583
What are the prime factors of 666788629?
13, 51291433
List the prime factors of 254105577.
3, 11, 41, 62603
List the prime factors of 1134726293.
163, 6961511
List the prime factors of 4126918642.
2, 7, 11, 157, 170689
List the prime factors of 314474426.
2, 7, 22462459
List the prime factors of 1307935510.
2, 5, 7, 2659, 7027
List the prime factors of 50218765.
5, 17, 590809
List the prime factors of 98537662.
2, 47, 1048273
List the prime factors of 414316743.
3, 397, 347873
List the prime factors of 37234817.
3571, 10427
What are the prime factors of 130101376?
2, 293, 3469
List the prime factors of 3170585954.
2, 1585292977
List the prime factors of 338918918.
2, 13, 277, 47059
What are the prime factors of 1063127965?
5, 23, 29, 191, 1669
List the prime factors of 32946834.
2, 3, 5491139
List the prime factors of 4907219591.
4907219591
What are the prime factors of 156843558?
2, 3, 8713531
What are the prime factors of 3458793809?
3458793809
What are the prime factors of 88974552?
2, 3, 29, 127837
List the prime factors of 2826928031.
2826928031
List the prime factors of 76726353.
3, 11, 857, 2713
List the prime factors of 4432152.
2, 3, 151, 1223
List the prime factors of 3477537072.
2, 3, 23, 181, 5801
List the prime factors of 19263445.
5, 3852689
What are the prime factors of 49738956?
2, 3, 4144913
What are the prime factors of 98056360?
2, 5, 23, 53, 2011
What are the prime factors of 319018541?
73, 449, 9733
What are the prime factors of 2164112811?
3, 7, 5843, 5879
What are the prime factors of 71017626?
2, 3, 11836271
What are the prime factors of 156711035?
5, 13, 2410939
List the prime factors of 316713942.
2, 3, 1523, 3851
What are the prime factors of 15581045?
5, 19, 164011
List the prime factors of 14250116.
2, 3562529
List the prime factors of 291405393.
3, 32378377
What are the prime factors of 340888140?
2, 3, 5, 1893823
List the prime factors of 405493135.
5, 59, 151, 9103
List the prime factors of 73243668.
2, 3, 53, 115163
List the prime factors of 597556579.
17, 35150387
What are the prime factors of 1665256477?
199, 8368123
What are the prime factors of 813426983?
1483, 548501
List the prime factors of 87132464.
2, 23, 236773
What are the prime factors of 10013574?
2, 3, 1668929
What are the prime factors of 2699368451?
13, 1013, 204979
List the prime factors of 863767584.
2, 3, 599, 1669
List the prime factors of 208419344.
2, 7, 265841
What are the prime factors of 33205208?
2, 281, 14771
List the prime factors of 551482103.
41, 409, 32887
List the prime factors of 72982188.
2, 3, 73, 9257
What are the prime factors of 17612656?
2, 109, 10099
List the prime factors of 267743704.
2, 53, 631471
List the prime factors of 941532008.
2, 1861, 63241
What are the prime factors of 53681134?
2, 13, 73, 28283
What are the prime factors of 565583683?
7, 80797669
What are the prime factors of 114975845?
5, 17, 1352657
List the prime factors of 94656910.
2, 5, 73, 127, 1021
List the prime factors of 1678998290.
2, 5, 167899829
What are the prime factors of 213986753?
97, 1051, 2099
List the prime factors of 135485034.
2, 3, 157, 143827
What are the prime factors of 117757911?
3, 39252637
What are the prime factors of 7464818?
2, 3732409
What are the prime factors of 266377880?
2, 5, 6659447
Wha